be (-1 + 2)*(8 - n). Calculate the greatest common factor of d and 3.
3
Suppose -901 + 251 = -5*u - 2*z, 3*u + 2*z = 386. Suppose 0 = -24*c + 107 + 181. What is the greatest common divisor of u and c?
12
Suppose 105 = 37*i - 34*i. What is the highest common divisor of i and 175?
35
Let u(h) = 12*h**2 - h. Let c be u(1). Calculate the greatest common divisor of c and 77.
11
Let x = 135 - 58. What is the highest common divisor of 7 and x?
7
Suppose 0 = -3*r + 19 + 11. Let q(f) = 2*f + 10. Let c be q(r). Calculate the highest common divisor of 5 and c.
5
Suppose 2*x = -x + 9. Suppose -288 = -3*h - h. Suppose 3*b + 0*b = h. What is the greatest common divisor of b and x?
3
Let b = 39 + -24. Suppose -3*k + 0 = -b. Let w(s) = 4*s**2 + 27*s + 5. Let r be w(-8). Calculate the highest common divisor of r and k.
5
Suppose 2 = b - 4*c, -b - 2*b = 2*c + 22. Let x = b + 8. Suppose -4*q = -3*k - 12, 4*q - x*q - 3*k = 6. Calculate the highest common divisor of q and 33.
3
Let k = -31 - -38. What is the highest common divisor of k and 49?
7
Suppose -6*c = -4*c - 10. Suppose -c*y - 12 = -2. Let h be (0 + -1)*y/2. What is the highest common factor of h and 8?
1
Suppose -3*d - 374 = -5*d. Calculate the greatest common factor of d and 17.
17
Let f(b) = 4*b + 22. Let t be f(5). Calculate the highest common divisor of t and 21.
21
Suppose -12 = -2*u + u. Suppose 2*m = p - 4*p + 189, 4*p = -u. What is the greatest common factor of m and 11?
11
Let b(m) = -m**2 + 13*m + 19. Let n be b(12). What is the greatest common factor of 62 and n?
31
Suppose -2*y + 19 = 5*h, -3*h - 3*y = -0 - 6. Suppose -h*n = t - 361, 2*n - 95 = -3*t + 52. Calculate the greatest common factor of 8 and n.
8
Suppose -880 = 4*z - 9*z. Let l(o) = -o**2 + 12*o - 10. Let y be l(8). What is the greatest common factor of z and y?
22
Let q be (-36)/(-9) + (-1 - -10). What is the highest common divisor of 26 and q?
13
Let t be 1/(-3 + 1 + 1). Let o be (23/2)/(t/(-2)). Let a = -138 + 391. Calculate the greatest common divisor of o and a.
23
Let o be 4/10*-10*(-3 - 0). Calculate the highest common divisor of 6 and o.
6
Suppose 3*d + 0*d - 36 = 0. Suppose 2*l + d = 32. Suppose -3*q - 7 = -t - 21, -5*t = -5. What is the greatest common factor of q and l?
5
Let n(i) = -i + 18. Let a be n(7). Calculate the greatest common factor of 22 and a.
11
Suppose -3*b + 15 = 0, -5*r + 0*b + 3*b + 25 = 0. Suppose -l + 2 = 1. Let v = l + 31. What is the highest common factor of v and r?
8
Let u = -4 + 14. Suppose 0 = b - 2*b + u. Suppose b*t - 7*t = 6. What is the highest common divisor of t and 1?
1
Suppose 20 = -2*n + 2*i, -6*n + i - 43 = -2*n. Let c be (-3)/6*2*n. Let s = 147 + -70. What is the greatest common divisor of s and c?
11
Suppose -7 = n + 1. Let u(f) = f**3 + 8*f**2 - 4*f + 4. Let c be u(n). Calculate the highest common factor of 9 and c.
9
Let r be ((-1)/2)/(1/(-34)). What is the greatest common factor of 85 and r?
17
Let m = -16 - -38. Let s be 9*(m/6 + -3). Calculate the greatest common factor of s and 18.
6
Suppose 0 = -3*x + 2*x + 4. Suppose 5*m = 5, 0*m = x*t - m - 7. Calculate the greatest common divisor of 8 and t.
2
Let d = -9 + 16. Let q = 11 - d. Calculate the greatest common divisor of q and 44.
4
Let d = 134 + -46. Suppose i - 3*n + 2 = 25, 2*n + 23 = i. Let y = -15 + i. What is the highest common divisor of y and d?
8
Let a(s) = -s**3 + s - 2. Let n be a(2). Let t be ((-3)/(-2))/(n/(-16)). Calculate the greatest common divisor of t and 27.
3
Suppose w - 231 = -3*d, d + 3*w - 5*w = 84. Suppose 2*t - 152 = -3*v + 3*t, 3*v - 4*t = 140. Calculate the greatest common divisor of v and d.
26
Let f(o) = -12*o + 2. Let t be f(-3). Calculate the greatest common divisor of 418 and t.
38
Let p = 1 + 2. Let l be p - -13 - (1 - -2). Calculate the highest common divisor of l and 26.
13
Let i = 3 - -3. Let m be ((-46)/3)/((-2)/i). Calculate the highest common divisor of 115 and m.
23
Let q be (1 - (-27)/(-6))*-8. Suppose 4 = -2*y + q. Calculate the greatest common factor of y and 72.
12
Suppose -357 = -9*d + 21. What is the greatest common factor of 63 and d?
21
Suppose 181 = -8*z + 1581. What is the highest common factor of 25 and z?
25
Let v be 248/20 + 6/(-15). Let f(y) = 43*y - 2. Let d be f(2). What is the greatest common divisor of v and d?
12
Let m(l) = -l**2 - 7*l + 12. Let q be m(-5). What is the highest common divisor of 55 and q?
11
Let m = -5 + 7. Suppose 4*d - 38 = -3*g, 0*g + 36 = 5*d - m*g. Suppose 0*k - k + d = 0. What is the greatest common divisor of 32 and k?
8
Suppose 2*z - 6*z + 56 = 0. Let c be (-51 - -5) + 1 + 0. Let r be -63*5/(c/6). Calculate the greatest common factor of z and r.
14
Let b(h) = -5 - h + 5 + 2*h + 10. Let k be b(-10). Suppose 0 = -k*i + 2*i - 198. What is the highest common divisor of i and 9?
9
Let f be -4 + 229 + (1 - 2). Suppose -4*o - 180 = f. Let b = o - -149. Calculate the greatest common divisor of 6 and b.
6
Let v = 23 - 7. Suppose v = 2*c + 2*c. Calculate the highest common divisor of c and 36.
4
Suppose -130 = -5*l + 90. What is the highest common divisor of l and 4?
4
Let d be (10/(-8))/((-1)/4). Suppose d = -5*g, 0 = 2*a - 2*g - 2*g - 10. Let i = 5 + a. Calculate the greatest common divisor of 32 and i.
8
Let x(d) be the second derivative of 131*d**4/12 - d**3/3 - d**2/2 + 2*d. Let t be x(-1). Let o = 0 + 12. Calculate the highest common factor of o and t.
12
Let u(r) = 14*r**2 + 2*r + 1. Let y be u(-1). Let t be (134 - 4)*2/4. Calculate the highest common factor of t and y.
13
Suppose -5*d + 176 = x, 2*x - 4*x = -d + 33. What is the greatest common factor of 5 and d?
5
Let x be (0/1 - 128)*-1. Suppose -x = -j - j. Suppose -4*q + j = -0*d + d, q = 3*d - 192. Calculate the greatest common divisor of d and 8.
8
Suppose -q = 4*w + 3*q + 60, -5*w = 3*q + 85. Let h = w - -43. Let o = h - -32. What is the greatest common factor of o and 5?
5
Suppose r = -4*x + 25 - 4, -3 = -r + 2*x. Let k be (2/(-6))/(4/(-1188)). What is the highest common divisor of r and k?
9
Suppose 0 = b + k - 91, -b - 265 = -4*b + 5*k. What is the greatest common divisor of 10 and b?
10
Let o be 20*(4 - (-6)/(-2)). Suppose 0*v - 20 = -2*v. Calculate the greatest common divisor of v and o.
10
Suppose -2*v = 4*s - 32, -5*v + 0*s + 66 = -4*s. What is the greatest common divisor of v and 14?
14
Let x(s) = 5*s**2 + s - 14. Let u be x(-6). What is the highest common factor of 64 and u?
32
Let b(z) = -z**3 + 8*z**2 - 4*z + 6. Let o be b(6). Suppose y - 4*g = 17 + 9, -4*g - 14 = y. What is the greatest common factor of y and o?
6
Let o be -5*(18/20)/(9/(-12)). Calculate the greatest common factor of o and 2.
2
Let b be ((-6)/(-12))/((-3)/(-204)). Calculate the greatest common divisor of 34 and b.
34
Suppose 0 = 3*a + 2*a - 100. Let x(s) = 5*s**2. Let j be x(2). What is the greatest common factor of a and j?
20
Let o(a) = -51*a - 7. Let b be o(-2). Calculate the greatest common divisor of b and 38.
19
Suppose a = -5*g + g + 28, 5*g = 5*a - 15. Suppose -235 = 4*z - a*z + 5*w, -269 = -5*z - 2*w. Let v = -20 + z. Calculate the highest common divisor of v and 14.
7
Let h = -3 - 14. Let m = -7 - h. Let v = -8 - -38. What is the greatest common divisor of v and m?
10
Let j(f) be the third derivative of f**5/60 - f**4/4 - 2*f**3/3 - 2*f**2. Let m be j(7). Suppose -x = -2*x + m. What is the greatest common factor of 1 and x?
1
Suppose -z + 3*z + 2 = 0, 5*j - 5*z - 45 = 0. Let b be 70/2 - (0 - -3). Calculate the highest common divisor of j and b.
8
Suppose 7 = -d - i + 19, -2*d - 3*i = -27. Suppose 0 = r - 6*r - 10. Let z be (1/r)/(2/(-4)). What is the greatest common divisor of d and z?
1
Let o = 178 + -158. What is the highest common divisor of 140 and o?
20
Let t = -5 - -3. Let n(c) = -22*c**3 + c**2 + c - 2. Let q be n(t). Let v(h) = 3*h + 1. Let f be v(5). What is the greatest common divisor of f and q?
16
Let d be 14*((-6)/4)/(-3). What is the greatest common divisor of 77 and d?
7
Let h = 9 - -14. Calculate the greatest common divisor of 115 and h.
23
Suppose -i + y = -2*y + 20, y = -5*i - 132. Let t = i + 40. Calculate the greatest common factor of 98 and t.
14
Let m = -11 - -20. Let s(z) = -z**3 + 5*z**2 + 7*z. Let p be s(6). What is the highest common factor of m and p?
3
Let c be (6/(-8))/((-7)